13?
121
Calculate the highest common divisor of 7330 and 222230.
10
Calculate the highest common factor of 28697140 and 320.
20
What is the greatest common factor of 3220189 and 35119?
203
Calculate the greatest common divisor of 9180 and 8210.
10
Calculate the greatest common factor of 5484 and 91832322.
2742
Calculate the greatest common factor of 5698180 and 4100.
820
What is the highest common divisor of 37 and 4819226727?
37
What is the highest common factor of 21901178 and 130?
26
Calculate the highest common divisor of 224357449 and 51.
17
Calculate the greatest common factor of 198 and 201186.
18
Calculate the highest common factor of 522 and 1708158.
174
What is the highest common divisor of 252 and 17603796?
84
What is the highest common factor of 3033910 and 1397?
11
What is the greatest common factor of 2151 and 157959?
9
What is the highest common divisor of 109 and 138296257?
109
Calculate the greatest common factor of 1426713 and 12307.
31
What is the highest common factor of 202134 and 134520?
354
What is the highest common divisor of 1946 and 19249?
1
Calculate the greatest common divisor of 3211 and 57641649.
247
What is the greatest common factor of 1752 and 9383128?
584
Calculate the greatest common divisor of 400638615 and 2910.
1455
Calculate the highest common divisor of 12 and 1987147698.
6
Calculate the highest common factor of 15603350 and 32720.
4090
Calculate the greatest common divisor of 339 and 3648.
3
What is the highest common factor of 2957926330 and 10?
10
What is the highest common factor of 257136949 and 10421?
613
Calculate the highest common divisor of 114 and 502654766.
38
Calculate the greatest common divisor of 1862418 and 27778.
646
Calculate the greatest common divisor of 13601 and 21278061.
469
Calculate the greatest common factor of 881126 and 189484.
254
What is the greatest common divisor of 53749656 and 108?
108
What is the greatest common divisor of 131151275 and 50?
25
Calculate the highest common divisor of 14 and 2146501.
7
Calculate the highest common factor of 25475 and 191275.
25
What is the greatest common factor of 3006 and 9522?
18
Calculate the greatest common factor of 43788559 and 6308.
1577
Calculate the greatest common factor of 3633843 and 786.
3
Calculate the greatest common factor of 40 and 38297940.
20
Calculate the greatest common factor of 14 and 2292463.
1
What is the highest common divisor of 149527669 and 529?
529
Calculate the highest common factor of 439608954 and 1302.
186
What is the highest common factor of 95 and 85572295?
95
Calculate the highest common divisor of 78575 and 31325.
175
What is the greatest common factor of 12 and 455274474?
6
Calculate the highest common divisor of 178644 and 39756.
12
Calculate the greatest common factor of 843264 and 40.
8
What is the highest common divisor of 5928 and 235245270?
1482
Calculate the greatest common factor of 81541515 and 66.
33
What is the highest common divisor of 1386 and 14847525?
693
What is the greatest common divisor of 212335493 and 2?
1
What is the highest common factor of 61949538 and 229?
229
What is the highest common factor of 1112 and 3630124?
556
Calculate the highest common divisor of 13975928 and 40.
8
What is the greatest common divisor of 160056 and 747?
9
What is the greatest common divisor of 3020 and 1794484?
604
Calculate the highest common factor of 30886600 and 60.
20
Calculate the greatest common divisor of 1404 and 4215516.
12
What is the greatest common divisor of 3793246 and 284?
142
Calculate the greatest common factor of 86412 and 1159836.
228
Calculate the highest common divisor of 863293680 and 265.
265
What is the greatest common factor of 37046400 and 240?
240
Calculate the greatest common divisor of 568531 and 424.
53
Calculate the greatest common factor of 532 and 4192388.
76
What is the highest common divisor of 6355 and 25450504?
1271
What is the highest common divisor of 378 and 191943150?
42
Calculate the greatest common divisor of 615292303 and 909.
101
What is the greatest common factor of 4405496 and 56?
8
Calculate the highest common factor of 43529483 and 106.
53
What is the greatest common divisor of 1082 and 118503345?
541
What is the highest common factor of 146970 and 3856065?
345
What is the greatest common divisor of 135326312 and 352?
88
Calculate the greatest common factor of 11118 and 330786.
102
Calculate the highest common divisor of 1006274 and 170.
2
Calculate the highest common factor of 780 and 2061072.
156
What is the highest common divisor of 1054 and 6636511?
527
What is the greatest common factor of 216165856 and 32?
32
What is the greatest common divisor of 3281312 and 12688?
976
What is the greatest common divisor of 1165 and 41650381?
233
Calculate the highest common factor of 85 and 2319973.
17
Calculate the highest common divisor of 50750722 and 44.
22
Calculate the highest common factor of 9 and 881907.
3
Calculate the greatest common divisor of 18943319 and 120559.
3889
What is the highest common factor of 63776 and 454688?
32
Calculate the greatest common divisor of 3842351 and 172.
43
What is the greatest common divisor of 115446 and 5388687?
213
What is the highest common factor of 42979608 and 10017?
3339
What is the greatest common divisor of 1204253269 and 38?
19
What is the greatest common factor of 416083 and 95?
1
Calculate the highest common divisor of 430262 and 5522678.
5894
Calculate the greatest common factor of 31525 and 400175.
25
Calculate the greatest common factor of 82 and 1172492.
2
Calculate the greatest common divisor of 9 and 549905418.
9
What is the highest common factor of 61761331 and 19592?
2449
Calculate the greatest common factor of 187524820 and 140.
140
Calculate the highest common divisor of 63835 and 361231.
751
Calculate the highest common factor of 5329797 and 99.
33
Calculate the greatest common divisor of 1849 and 36567673.
1849
Calculate the greatest common divisor of 234499733 and 13.
13
Calculate the highest common divisor of 223274067 and 1494.
249
What is the highest common factor of 842052887 and 19?
19
Calculate the greatest common factor of 1402650 and 30186.
54
Calculate the highest common divisor of 15547882 and 1974.
658
What is the greatest common factor of 61948768 and 1484?
28
What is the highest common factor of 23 and 486299419?
23
Calculate the greatest common divisor of 291085458 and 34.
34
What is the highest common factor of 4456028 and 4876?
212
Calculate the greatest common divisor of 25910292 and 528.
12
What is the greatest common divisor of 6 and 142446188?
2
What is the greatest common divisor of 763876 and 4807?
437
Calculate the greatest common divisor of 19881 and 2127.
3
What is the highest common factor of 11838 and 28847233?
1973
Calculate the greatest common factor of 1231139768 and 1194.
398
Calculate the greatest common factor of 445816 and 2263128.
1064
Calculate the highest common divisor of 8239 and 142758.
77
Calculate the greatest common factor of 2187 and 11830536.
81
Calculate the highest common divisor of 1224 and 340859928.
408
Calculate the greatest common factor of 31039975 and 2585.
235
What is the highest common divisor of 208971 and 17019?
279
What is the highest common factor of 540 and 30275280?
180
Calculate the highest common factor of 238874 and 23489.
83
Calculate the greatest common divisor of 8810373 and 1618689.
5601
Calculate the highest common factor of 202244769 and 30681.
4383
Calculate the greatest common factor of 120124 and 478460.
2036
What is the greatest common factor of 99768 and 12466843?
4157
Calculate the highest common factor of 54942752 and 2264.
2264
Calculate the greatest common factor of 202 and 126982.
2
Calculate the greatest common factor of 63 and 108967320.
63
What is the greatest common factor of 17204796 and 1134?
126
Calculate the greatest common factor of 726318 and 225.
9
What is the greatest common divisor of 1653736 and 42?
14
Calculate the highest common divisor of 133 and 373528904.
133
What is the greatest common factor of 103389 and 858?
429
Calculate the highest common divisor of 594 and 2744226.
54
What is the highest common divisor of 3546875 and 102377?
227
What is the greatest common factor of 19799 and 793